) to base 15
-947584
15651112 (base 8) to base 4
31311021022
-85678 (base 12) to base 3
-22220201102
What is -23267 (base 9) in base 5?
-444112
169392 (base 10) to base 11
1062a3
Convert 57943 (base 11) to base 15.
19bc3
35204141 (base 6) to base 16
10a01d
Convert -90753 (base 11) to base 15.
-2949e
Convert -125506 (base 7) to base 9.
-35304
Convert 102313114 (base 5) to base 15.
8813e
Convert 7188473 (base 9) to base 10.
3837846
Convert -5818804 (base 10) to base 9.
-11847807
Convert -a28b0 (base 12) to base 16.
-33c84
What is 18056 (base 14) in base 4?
32300130
Convert -b7679a (base 12) to base 3.
-12110000112201
-179783 (base 11) to base 2
-1000011011111100111
Convert 87b578 (base 14) to base 10.
4602774
What is 1023122121 (base 4) in base 11?
1a1089
What is -21c752 (base 14) in base 3?
-2011100100200
-10110001010011111 (base 2) to base 16
-1629f
Convert -1041101440 (base 5) to base 7.
-25263462
What is -641dad (base 14) in base 7?
-40531606
-3161839 (base 10) to base 14
-5c43b9
Convert -4644a7 (base 12) to base 2.
-100010011001110111111
5b0081 (base 13) to base 12
888271
Convert 3b573 (base 14) to base 13.
518c3
-5fb9a (base 16) to base 7
-3222056
-aed3 (base 15) to base 7
-213105
-c070 (base 14) to base 7
-165200
Convert 11341405 (base 6) to base 10.
355469
Convert 94582 (base 14) to base 16.
575b6
-13734a (base 12) to base 8
-1170052
What is 3041203 (base 6) in base 4?
203200203
Convert 1c5db (base 15) to base 5.
10424311
What is -148451 (base 10) in base 3?
-21112122012
-2745225 (base 8) to base 12
-313245
2220121000022 (base 3) to base 5
344000241
What is 4b04 (base 13) in base 10?
10651
-9280a (base 11) to base 15
-2a1c4
Convert 20213140 (base 5) to base 16.
27ed9
Convert -11111100000001101001101 (base 2) to base 7.
-130123625
What is -99c29 (base 13) in base 4?
-1010011211
What is 87743 (base 9) in base 6?
1125233
What is -101000201122201 (base 3) in base 9?
-11021581
Convert 1022012120002 (base 3) to base 12.
295025
What is 25542124 (base 6) in base 4?
3030201010
244ca (base 15) to base 8
342200
7da82 (base 15) to base 9
670485
What is 613007 (base 8) in base 15?
3edd2
-201210212200 (base 3) to base 13
-108633
Convert -4043d9 (base 15) to base 3.
-12202001101120
Convert 21202210120 (base 3) to base 15.
304b3
What is -1222032 (base 4) in base 9?
-10283
Convert -2831033 (base 9) to base 6.
-53202220
-111100021101 (base 3) to base 7
-2142466
What is -6b0a9 (base 12) in base 7?
-1135344
-1223121133 (base 5) to base 12
-b9a6a3
Convert -7988228 (base 10) to base 2.
-11110011110010000000100
-121301330 (base 4) to base 12
-51138
11003312320 (base 4) to base 2
101000011110110111000
Convert -6834a3 (base 11) to base 12.
-445788
-210122111 (base 4) to base 10
-149141
2b35b2 (base 14) to base 6
52151332
What is -7047a (base 11) in base 2?
-11001001010010010
Convert -1111201022010 (base 3) to base 2.
-11000011101001101110
-b62781 (base 12) to base 9
-5347527
-25b41 (base 16) to base 9
-254752
402512433 (base 6) to base 14
ca53db
Convert 43235224 (base 6) to base 2.
100111000100101000000
Convert 411048 (base 12) to base 15.
1518b8
Convert 8840b3 (base 13) to base 7.
36160042
-2152236 (base 7) to base 2
-1000000101011011001
Convert -244301011 (base 5) to base 7.
-12623464
-1112522 (base 6) to base 12
-28742
What is -421df (base 16) in base 5?
-32131230
What is -1110221011000 (base 3) in base 13?
-216993
What is 58759d (base 16) in base 9?
11815328
2110211111 (base 3) to base 6
1013321
-1010020221220 (base 3) to base 10
-595563
What is -3053162 (base 8) in base 12?
-32bb02
Convert 66132453 (base 8) to base 7.
231500462
189a05 (base 11) to base 2
1000111001000101101
449936 (base 10) to base 7
3552524
What is 233514 (base 7) in base 15?
c71c
What is 311541 (base 8) in base 9?
166578
Convert -372735 (base 9) to base 8.
-667553
Convert 92634 (base 13) to base 7.
2142210
Convert -1b566 (base 12) to base 7.
-226125
-42d4d9 (base 14) to base 12
-912773
2151057 (base 9) to base 16
11a1bd
Convert -134a72 (base 12) to base 16.
-4dff6
124102253 (base 7) to base 15
a60b92
Convert 7e11a (base 15) to base 4.
1202013103
Convert -2a9a960 (base 11) to base 9.
-10867040
Convert 1012111 (base 7) to base 3.
20010200211
What is 5a1ca (base 16) in base 15?
74568
What is -95885 (base 10) in base 12?
-475a5
What is -29236 (base 16) in base 5?
-20343002
3142333314 (base 5) to base 12
226672b
What is 5b0aa (base 12) in base 4?
131333002
Convert -20220110020011 (base 3) to base 8.
-15777700
Convert 31445 (base 13) to base 9.
144488
Convert 1101111101111011010 (base 2) to base 8.
1575732
Convert -426002 (base 7) to base 14.
-1d002
Convert -132133312 (base 4) to base 10.
-124918
What is 21154200 (base 6) in base 3?
1011120211200
What is -6893817 (base 10) in base 8?
-32230371
What is -11a70 (base 16) in base 10?
-72304
6550306 (base 7) to base 6
25105211
Convert 2406532 (base 7) to base 3.
120111011211
Convert 20556466 (base 7) to base 4.
12222020110
21002110020 (base 3) to base 14
38c13
7d16b (base 15) to base 6
12313132
-3a601 (base 15) to base 11
-118529
What is -5c75b3 (base 14) in base 5?
-1302423312
Convert -3561521 (base 9) to base 11.
-10a9115
Convert -4525423 (base 6) to base 10.
-229335
Convert 11213034 (base 5) to base 12.
4a563
What is -1113301 (base 12) in base 3?
-20010200111001
What is -a6644 (base 12) in base 5?
-23444034
-1520055 (base 7) to base 6
-4232050
169ef (base 16) to base 4
112213233
-185237 (base 10) to base 13
-66410
23321542 (base 7) to base 4
13311323002
Convert -33011 (base 13) to base 15.
-1c528
What is -323044104 (base 6) in base 13?
-1261a9b
Convert -50355 (base 9) to base 4.
-20011022
What is -3327116 (base 9) in base 15?
-255496
What is -2ac8d (base 15) in base 13?
-4a977
-3554104 (base 8) to base 10
-972868
What is -678359 (base 11) in base 5?
-234023433
203223411 (base 5) to base 10
836106
43224233 (base 5) to base 4
1121231103
Convert -2dad7 (base 15) to base 8.
-440171
What is 648573 (base 11) in base 5?
231124303
-411334312 (base 5) to base 3
-10010202011211
Convert 151527 (base 9) to base 6.
1554341
What is 128288c (base 14) in base 16?
881a8c
-101112012210 (base 3) to base 15
-415cc
Convert 1122432111 (base 5) to base 8.
11554362
What is 747b4 (base 16) in base 11?
2a6505
Convert -225501 (base 12) to base 3.
-1000212101201
What is 472436 (base 10) in base 5?
110104221
1100111111010011 (base 2) to base 13
1b2a7
Convert -176c7 (base 16) to base 8.
-273307
Convert -12200110210 (base 3) to base 16.
-1b50a
Convert -300200232 (base 4) to base 12.
-96ba6
What is -3708e8 (base 16) in base 2?
-1101110000100011101000
Convert -104243 (base 8) to base 4.
-20202203
Convert c68ad (base 16) to base 7.
6624634
What is 203002333 (base 4) in base 6?
3024331
What is -4ec0ff (base 16) in base 7?
-61604163
What is 1d2309 (base 14) in base 15?
1591e7
113b214 (base 12) to base 11
1965681
Convert -2012320023 (base 4) to base 15.
-ada59
Convert -22b60d (base 15) to base 5.
-411032423
3617566 (base 8) to base 6
33124222
11101110011011010110101 (base 2) to base 11
4456956
What is 9bd340 (base 16) in base 11?
5845602
-11011001011101110111 (base 2) to base 9
-1606774
-54182a (base 15) to base 9
-7473234
-1092 (base 13) to base 14
-bb6
242771 (base 8) to base 15
19ad4
-231101011 (base 4) to base 15
-39e0d
Convert -32113542 (base 7) to base 2.
-1010011001101000100111
Convert -110010101001010010 (base 2) to base 11.
-131944
-17501071 (base 9) to base 7
-134535223
Convert 23830b (base 16) to base 11.
134a5a4
Convert 54bc3 (base 13) to base 9.
253638
What is -8bcc6 (base 16) in base 8?
-2136306
Convert 1245651 (base 11) to base 15.
2c9d79
What is 27780 (base 11) in base 5?
2231114
Convert 413576 (base 8) to base 3.
20222001021
Convert -1101100101001100010 (base 2) to base 9.
-747413
Convert -1114040 (base 8) to base 3.
-120022000102
Convert -15534015 (base 6) to base 8.
-2077473
What is -7a75299 (base 11) in base 2?
-110101110111011111100001
-30e87 (base 15) to base 13
-5580a
5a7546 (base 13) to base 5
1023031412
Convert -207243 (base 15) to base 16.
-178ae8
186350a (base 11) to base 4
30001220213
Convert 2009321 (base 10) to base 7.
23036036
2001137 (base 12) to base 13
1312156
Convert -7255734 (base 8) to base 12.
-789564
Convert 18b7 (base 13) to base 3.
12002